 common divisor of 49 and v?
7
Suppose 0 = -3*h - 3. Let q(s) = -21*s**3 - 8*s**2 - s**2 + 11*s**2 - 1. Let b be q(h). Calculate the highest common divisor of b and 22.
22
Let b be (-39)/(-15) - (-4)/10. Suppose s + b = 14. Let c(o) = -o**3 + 4*o**2 + 30*o - 9. Let q be c(6). Calculate the highest common divisor of s and q.
11
Let l(z) = 253*z**3 + 6*z**2 - 13*z + 8. Let g be l(1). What is the greatest common factor of g and 2159?
127
Let l(a) = 0 - 2*a + 3 - 5 + 0*a. Let g be l(-7). Let t = -3 + g. What is the highest common divisor of 18 and t?
9
Let u(k) = -k**3 - 6*k**2 - 3*k - 6. Let z be u(-6). Let m = 222 + -114. What is the greatest common factor of z and m?
12
Let t = 65 - 43. Suppose 3*j + j - 2 = 2*r, -4*j + 3 = -3*r. Let m be j + (2 - 5) + 69. What is the highest common factor of m and t?
22
Suppose 2*v + 3*v - 685 = 0. Let p = 26 - v. Let y be (p/(-9))/((-2)/(-6)). What is the highest common divisor of 185 and y?
37
Let x(r) = -r - 48. Let b(l) = 2*l + 46. Let u(i) = -5*b(i) - 4*x(i). Let w be u(-11). Let t be (0 - -7)/(2/4). Calculate the greatest common factor of t and w.
14
Suppose -171 = -4*f - x + 207, -4*x = -4*f + 388. Let m be f/76*2*26. Calculate the highest common factor of 26 and m.
13
Let r(w) = w**2 + 2*w - 2. Let y be r(3). Suppose -3*j + 482 = -18*k + 13*k, -2*j = -3*k - 323. Calculate the greatest common divisor of j and y.
13
Let n(r) = 2*r + 4. Let a be n(-9). Let s = 25 + a. Let z(h) = -25*h - 4. Let k be z(-5). What is the greatest common divisor of k and s?
11
Suppose 4*d - 244 = -44. Suppose -p + d = 36. What is the greatest common divisor of p and 56?
14
Suppose -4*r + 645 = r. Let j = r - 109. What is the greatest common divisor of j and 20?
20
Suppose 10*h = 15*h + q - 189, -3*h + 115 = q. Calculate the highest common factor of 407 and h.
37
Suppose 25*d - 26*d = -112. What is the highest common factor of d and 392?
56
Suppose -20*b + 21*b = -4*p + 72, 0 = 5*b + 5*p - 315. What is the highest common divisor of 640 and b?
20
Let g = 998 + -996. What is the highest common divisor of 14 and g?
2
Let j(d) = 26*d**2 + 3*d + 48. Let w be j(-3). Suppose 5 = 4*u + u. Let a(c) = 39*c. Let s be a(u). What is the greatest common factor of s and w?
39
Suppose -160 = 70*h - 74*h. What is the greatest common factor of h and 56?
8
Suppose -o - 5*o - 24 = 0. Let j be 7 + (o - 0) + 8. Suppose 176 = 4*y - 2*y. What is the greatest common divisor of j and y?
11
Let j = -161 + 206. What is the greatest common factor of j and 18?
9
Let c be (91/4)/(2 - 42/24). Suppose c = t + 51. Calculate the highest common divisor of t and 16.
8
Let h(s) = 1. Let a(v) = -v**3 + 18*v**2 + 19*v - 3. Let k(n) = -a(n) + 5*h(n). Let g be k(19). What is the highest common factor of g and 8?
8
Suppose 30350 = -39*x + 81947. Calculate the highest common divisor of 27 and x.
27
Let b(q) be the second derivative of -q**5/10 - 5*q**4/12 - 5*q**3/6 - 2*q**2 - 24*q. Let r be b(-3). Calculate the greatest common divisor of 50 and r.
10
Suppose -55 = -26*a + 777. Calculate the highest common divisor of 992 and a.
32
Let w be -2*(-5)/(-10) + 580. Let h be w/12 + (-1)/4. What is the highest common divisor of 12 and h?
12
Suppose 59*b - 6760 = 51*b. Calculate the greatest common divisor of b and 65.
65
Let s be -3*410/15 + 0 + -4. Let u = s - -101. Calculate the greatest common divisor of 75 and u.
15
Let f be 90/(-11) + 22/121. Let z = f + 61. Let y = z - 29. Calculate the greatest common divisor of y and 8.
8
Suppose -5*w = -2*a - 90, a = w + w - 37. Suppose 3*y = -y + w. Suppose 3*i - y*i + 20 = 0. What is the greatest common factor of i and 160?
20
Suppose 6*g = g + 10. Suppose -u = -g, -66 = -l - l - u. Let m = 13 + 3. Calculate the highest common divisor of l and m.
16
Suppose -5*b = -2*b. Suppose -3*y = -b*y - 93. What is the greatest common divisor of 341 and y?
31
Let p be ((-6)/(-8))/((-2)/(-24)). Suppose z - 1 = 1, z + 30 = -2*w. Let i be -1 - -3 - (w + p). What is the greatest common divisor of i and 1?
1
Let g(b) = b**2 - b + 1. Let a be g(-2). Suppose k - a = 39. Suppose k = 2*r + 3*r - 4*z, 4*z = 4. What is the highest common factor of r and 50?
10
Let y be 24 + 3*20/15. Calculate the greatest common factor of 4 and y.
4
Let v be (-106)/(-2)*(0 - -1). Let y = 83 - v. Suppose -4*f - 2*p + 6*p + 20 = 0, -f - p + 1 = 0. Calculate the greatest common divisor of y and f.
3
Let r = 38 + 26. Let p = r + -56. What is the greatest common factor of 2 and p?
2
Let f = 18 - 10. Let l = f - -1. Suppose 19 = 4*t + 7. What is the highest common factor of t and l?
3
Suppose 0 = 57*u + 11*u - 83232. Calculate the highest common factor of 17 and u.
17
Let f be 6 - (2 + 3/(-3)). Let c be (-2 - -6) + f/(-5). Let s(m) = m**3 - m**2 + 2*m + 1. Let t be s(c). What is the highest common divisor of t and 225?
25
Let k = -6 - -11. Suppose k*s - 5*v = 0, -3*s - 5*v = -6*s - 6. Calculate the greatest common divisor of s and 6.
3
Let b be 4 + -5 - (-236)/(-2). Let r = b + 233. Suppose 2*f + 4*n = 76, 5*n + r - 41 = f. What is the greatest common factor of f and 12?
12
Suppose -5*a + 106 = -3*j, -45 = -4*a + 2*j + 41. Calculate the greatest common divisor of 322 and a.
23
Let w = 60 - 62. Let d be 2 - (-2)/w - -5. What is the highest common divisor of 48 and d?
6
Let g(s) = s**2 - s. Let k(t) = 4*t**2 + 1. Let p(u) = -3*g(u) + k(u). Let o be p(-4). Calculate the highest common factor of 40 and o.
5
Let l(w) = 4*w**2 + 19*w + 90. Let a be l(-11). Calculate the greatest common divisor of a and 146.
73
Let q be 8*(-2)/(-3 + -1). Let m be ((-308)/(-55))/(q/10). Calculate the highest common divisor of 14 and m.
14
Let r(k) = 30*k**2 + k. Let c be r(1). Suppose 0 = -2*g + c + 33. Suppose -5*v = -5 - 75. What is the highest common divisor of g and v?
16
Let r = 6 + -3. Let m be (-16)/(-1) - (4/28)/((-7)/98). What is the highest common factor of m and r?
3
Let b be -2 + (3 - (40 + -3)). Let k be 9/b - 29/(-4). Suppose 0 = -d + 89 - 82. Calculate the highest common factor of k and d.
7
Suppose -2*j + 2 + 2 = 0. Let u(s) = j + s + 0*s + 6*s**2 - 3. Let f be u(-5). Calculate the greatest common divisor of f and 18.
18
Let i be 0 - 0 - (14 + 4). Let h be (-10)/(-3) - -2*3/i. Calculate the greatest common factor of 5 and h.
1
Let x(s) = s**3 + 9*s**2 + 7*s - 6. Let j be x(-7). Calculate the highest common factor of j and 2322.
43
Suppose -5*y = -34 - 6. What is the greatest common divisor of 136 and y?
8
Suppose 4*c + d - 149 = 0, d = 5*c - 143 - 50. What is the greatest common factor of c and 38?
38
Let k = 7 + 3. Let b = -450 - -480. Calculate the greatest common divisor of b and k.
10
Let k be (-17)/5 + (-3)/((-30)/4). Let y be (0 - k - 0) + 97. What is the greatest common factor of 10 and y?
10
Let r be 16/(-10)*(2 + -72). Let q(l) = -l**2 + 12*l - 6. Let h be (-5 - -2)*20/(-6). Let k be q(h). What is the greatest common divisor of k and r?
14
Suppose 0 = i + 2*v - 3 - 1, 5*i - 3*v = 85. What is the highest common divisor of i and 38?
2
Suppose -4*l + 149 - 37 = 0. Let q(w) = 9*w**2 - 5*w - 4. Let k be q(-1). Suppose -84 = k*j - 12*j. What is the greatest common divisor of j and l?
14
Suppose 5*v + 25 = 0, -4*p - 5*v + 2 + 5 = 0. Let j be (-356)/(-30) - p/(-60). Calculate the greatest common factor of j and 3.
3
Suppose -2*x = 3*l + 1, 5 - 16 = 5*l + x. Let z be -3 - (-150)/18 - l/(-9). What is the highest common divisor of z and 55?
5
Suppose 21*x + 407 = 974. What is the highest common factor of x and 432?
27
Let r be 0 + 5/((-10)/(-16)). Let i = r - -15. What is the highest common divisor of i and 23?
23
Let l be ((-306)/45)/(14/(-70)). Suppose -4*v - 62 - 18 = 0. Let s = 116 - v. Calculate the greatest common factor of l and s.
34
Let j(o) = -o**3 - 37*o**2 + 30*o + 100. Let c be j(-39). What is the greatest common divisor of 68 and c?
68
Let o be -47*(9/(-3) - -36). Let s = o + 2629. Let w be s/84 + (-2)/(-12). Calculate the highest common factor of w and 39.
13
Let f = -287 + 300. Calculate the highest common factor of 65 and f.
13
Suppose 0 = -3*x + 399 + 168. Calculate the greatest common factor of x and 54.
27
Suppose -i + n + 1 = 0, -4*i - n + 8 + 1 = 0. Suppose d - 4 = -g + 19, 4*g = -i*d + 56. What is the greatest common factor of 162 and d?
18
Let x be (868/56)/(-1